 10. Suppose -5*h = 5*p - 30, 0 = -p - h + 3*h - 3. What is o(p)?
5
Let k(q) = q**3 - 5*q**2 - 3*q + 18. Let g = -17158 + 17161. Determine k(g).
-9
Suppose 0 = -r - 8*r + 63. Let u(y) = 3*y - r + 13 - 8 + y**3 - 4*y**2. Give u(3).
-2
Let o(s) = 5*s**2 + 1. Let v(x) = x**3 - 9*x**2 + 4*x - 34. Let j be v(9). Let c be ((-5)/(j + -1))/(-5). Give o(c).
6
Let l(g) = 9*g - 5. Let u be l(1). Suppose 2*m - 7*z + u*z + 26 = 0, 0 = -4*m - 4*z - 12. Let d(k) = 2*k**2 + 0 + k**3 + 2*k + 5*k**2 + 10. Calculate d(m).
-4
Let i(t) be the third derivative of 0*t + 1/12*t**4 + 0*t**3 + 13*t**2 + 0. Suppose 2*d + 3 = -3. Give i(d).
-6
Let a(t) be the third derivative of t**6/120 + 2*t**5/15 + 5*t**4/24 + 13*t**3/3 + 972*t**2. Determine a(-8).
-14
Let q(g) = -g**2 - 4*g + 2. Let t be q(-5). Let i(b) be the third derivative of -b**5/60 - b**4/8 - 2*b**3/3 + 54427*b**2. Determine i(t).
-4
Let f(i) be the first derivative of -5*i**4/4 + 2*i**3/3 + i**2 + i - 3972. Let l(m) = m**3 + 2*m**2 - 3*m - 1. Let v be l(-3). Give f(v).
6
Let j(p) be the first derivative of 0*p - 5/24*p**4 + 4/3*p**3 - 1/60*p**5 - 14 + 3*p**2. Let b(s) be the second derivative of j(s). What is b(-6)?
2
Suppose 4*v = -b + 10, -14 = -2*b + 2*v - 4*v. Let i = b - 1. Let j be i*((0/4 - -2) + -3). Let f(a) = -a**3 - 6*a**2 - 6*a + 4. Determine f(j).
9
Let f(s) = 5*s**3 - 16*s**2 - 42*s + 38. Let g(o) = -3*o**3 + 11*o**2 + 28*o - 25. Let d(t) = 5*f(t) + 8*g(t). What is d(-5)?
-5
Let h = 1 - -34. Let x = -33 + h. Let a(t) = x*t - 2*t + 5*t - t**2 - t + 4. Determine a(4).
4
Let o(t) = t**3 - 17*t**2 + 29*t + 21. Suppose -5*k = -9*k + 60. Determine o(k).
6
Suppose 4*j + 2*x = -259 + 181, -62 = 3*j + 5*x. Let v(a) = -a**3 - 18*a**2 + 19*a - 7. What is v(j)?
-7
Let s = -4340 - -4346. Let m(u) = u**2 - 5*u + 7. Give m(s).
13
Let h(p) = -p**3 + 16*p**2 + 11*p - 12. Let b(f) = 3*f**3 - 46*f**2 - 31*f + 32. Let a(m) = 4*b(m) + 11*h(m). What is a(8)?
-28
Suppose 13*t + 13 = 1131. Suppose -5*c = -t + 1. Suppose 3*w = c + 10. Let s(j) = j**3 - 9*j**2 + j - 6. What is s(w)?
3
Suppose -4*z + 3*v + 58 = 0, 2*z - 260*v = -259*v + 26. Let r(w) = w**2 - 5*w - 43. Give r(z).
7
Let y(g) = -g**2 + 5*g + 4. Let o be y(6). Let m(t) be the second derivative of -t - 181 - 3/2*t**2 - 1/2*t**3 + 5/12*t**4. What is m(o)?
23
Let m(q) = 21*q**3 - 15*q**2 + 49*q + 20. Let z(r) = 5*r**3 - 4*r**2 + 12*r + 5. Let s(p) = -6*m(p) + 25*z(p). What is s(-11)?
60
Let t(l) = -9*l**2 - 61*l + 4. Let k(a) = -63*a**2 - 433*a + 29. Let w(b) = -2*k(b) + 15*t(b). What is w(-5)?
22
Let v(n) = -7*n + 22 - 22. Suppose 16*o - 15*o - 1 = 0. Calculate v(o).
-7
Let t(n) = 137 - 3*n**2 - 145 - 11*n + 12*n + 4*n**2. Suppose 2*o - 3*x = -6*x - 9, 5*x = 3*o - 15. Calculate t(o).
-8
Let v(o) = o**2 - 2. Let z(h) = 4*h**2 + 5*h - 6. Let n(q) = 3*v(q) - z(q). Suppose -18*a = -11*a + 35. Give n(a).
0
Let r(z) = 7*z**3 + 34*z**2 + 202*z - 16. Let s(d) = -9*d**3 - 45*d**2 - 265*d + 21. Let m(i) = 13*r(i) + 10*s(i). Determine m(10).
-38
Let l(u) be the second derivative of -u**2 + 39*u - 1/4*u**4 + 1/3*u**3 - 1/20*u**5 + 0. Suppose 7*o - 3*o + 12 = 0. Determine l(o).
-8
Let o be 460/69 + 1/3. Suppose -2 = -o*m + 8*m. Let a(b) = -3*b - 3*b - 3 + 2*b. What is a(m)?
5
Let v be ((-2 - -8)/(-3))/((-6)/582). Suppose -5*j - 24 + v = 0. Suppose -5 = -u, u - 5*u = 2*d - j. Let n(b) = -b + 9. What is n(d)?
2
Let b(a) = a**3 + 4*a**2 - a - 6. Let z(y) = 2*y**3 + 37*y**2 - 12*y + 155. Let p be z(-19). Suppose -126 = 64*k - p*k. Determine b(k).
6
Let b = 15 + -18. Let n be ((-14)/3)/((-33)/(-9) + b). Let r(i) = i**2 + 8*i + 15. Give r(n).
8
Let o = 28 - 5. Suppose 19 = -4*a + u, -u - o = 4*a - a. Let q(c) = -18*c + 6 + 41*c - 22*c. Determine q(a).
0
Let q(z) = z**3 - z - 2. Let n(u) = -12*u**3 - 19*u**2 + 88*u + 68. Let l(i) = n(i) + 13*q(i). Calculate l(13).
3
Let s(v) = 4*v**2 - 2*v + 1. Let t(f) be the third derivative of -f**6/120 + f**5/5 - 3*f**4/8 - 7*f**3/2 - 16*f**2 + f. Let d be t(11). Determine s(d).
3
Let z(t) be the second derivative of t**6/180 - t**4/24 + 269*t**3/6 + 7*t - 4. Let d(c) be the second derivative of z(c). Let p = -4 + 7. Give d(p).
17
Suppose -2*l + 5*l = -12. Let x(c) = -c + 1. Let g(d) = -13 + 1 + 7 + 6. Let m(t) = 6*g(t) - x(t). Give m(l).
1
Let n(m) = 4*m - 12. Let w(y) = -y**3 - 7*y**2 + 7*y + 70. Let u be w(-6). Let p(h) = -17*h - 131. Let d be p(u). Give n(d).
8
Let h(w) = -56 + 11 + 17441*w**2 - 17440*w**2. Calculate h(7).
4
Let n(i) = 2*i + 11. Let y be (2*(-8)/(-112) - 75/84)*-8. Calculate n(y).
23
Suppose 213*c - 15 = 632*c - 2529. Let p(s) = 4*s + 3. Let w(i) = -11*i - 10. Let a(y) = -17*p(y) - 6*w(y). Determine a(c).
-3
Let n(b) = b - 23. Let d(q) = 13*q - 347. Let j(r) = d(r) - 2*n(r). Determine j(28).
7
Let i(d) = -d**2 - 12*d - 4. Let y be i(-11). Suppose 0 = -2*u + y*u - 95. Let h(z) = z + 9 - u + 10. Calculate h(7).
7
Let b(t) be the first derivative of t**4/4 + 5*t**3/3 - 3*t**2 - 7*t + 1. Suppose 7*h = 166 - 103. Let w = 3 - h. Calculate b(w).
-7
Let c(v) = v**2 + 8*v - 8. Suppose 3*w - 2*b = -37, -5*b = -2*b - 15. Calculate c(w).
1
Let a(s) = s - 3. Suppose b + 3*b - 14 = 2*k, 0 = -5*k - 3*b - 9. Let u be (k/(-4))/(((-136)/64)/(-17)). Calculate a(u).
3
Let l(w) = -136 + 28*w**2 + 2*w**3 - w**3 + 172 + 2*w - 6*w**2. Give l(-22).
-8
Let c(o) = o**3 - 9*o**2 + 11*o + 6. Let w(j) = -33 + 25*j**2 - 3*j**3 + 36*j**2 + 14 - 34*j**2 - 32*j. Let s(v) = 8*c(v) + 3*w(v). What is s(8)?
-9
Let o(s) = -8*s - 26 + 6*s - 112881*s**2 + 112880*s**2 - 14*s. Calculate o(-15).
-11
Let x(p) = -21*p + 22*p**2 - 155 - p**3 + 313 + 0*p - 146. Determine x(21).
12
Let p(q) = -10*q + 285. Let c(a) = -21*a + 615. Let m(f) = -6*c(f) + 13*p(f). Calculate m(-6).
39
Let g(v) = 2 + 5*v**2 - 4 - v**3 + 4. Let x = -223 + 96. Let m = -122 - x. Calculate g(m).
2
Let t(l) = -932*l + 7 + 469*l + 464*l. Calculate t(0).
7
Let o(v) = -v**3 + 7*v**2 + 2*v + 11. Let q(a) = 11*a**2 + 63*a + 47. Let x be q(-5). Determine o(x).
25
Let q(r) = r**3 - 7*r**2 + 7*r. Let y(a) = 4*a + 34. Let j be y(-5). Suppose d - 3*v = j, -4*d + 4 + 4 = 4*v. What is q(d)?
-15
Let c(f) = -3*f**2 - 18*f + 114. Let r(p) = 13*p**2 + 71*p - 453. Let j(o) = -9*c(o) - 2*r(o). Give j(-24).
-24
Let r be (-21)/(-756)*12*39. Let c(t) = t**2 - 16*t + 18. Calculate c(r).
-21
Let d(q) = 3*q**2 + 2*q - 2. Suppose 3*v + j + 6 = 0, -5*v + 5*j + 8 = -2. Let r(a) = -a**2 + 2 - 4 + 3. Let o(p) = v*r(p) - d(p). Calculate o(2).
-11
Let s(f) = -3*f**2 + 12*f + 15. Let t(u) = -u**2 + 3*u + 2. Let i(k) = -s(k) + 2*t(k). Let z be 18/(-36) - 17/(-2). What is i(z)?
5
Suppose 0 = -2*z - 2*x + 133 + 97, -x = -z + 125. Let o be (13/39)/(2/z). Suppose -2*i = 2*i + o. Let r(h) = -h**3 - 4*h**2 + 2*h + 2. Determine r(i).
17
Let m = -436 - -811. Let g be 8/28 + m/35. Let u = 3 - g. Let v(f) = -f**2 - 8*f - 3. Give v(u).
-3
Let c(i) = -4 - 115*i - 13 + 2*i**2 + 192*i - 71*i. Give c(2).
3
Let g(u) be the first derivative of -2*u**2 - 11*u + 3573. Give g(-3).
1
Let m(a) = a**2 + 9*a - 6. Let u(t) = -127*t + 499. Let q be u(4). Give m(q).
-6
Let c(b) = -37*b + 42. Let n be c(1). Let a(s) = s**3 - 4*s**2 - 7*s + 19. Give a(n).
9
Let h(a) = -9*a - 21. Let m be (-11)/3 - 140/(-84) - 0. Calculate h(m).
-3
Let k(p) = 8*p + 1. Let x(m) = 62*m + 8. Let h(v) = -8*k(v) + x(v). Let o(i) = i**3 - 3*i**2 - 1. Let u be o(3). Let l = u + 3. Calculate h(l).
-4
Let i(f) be the first derivative of -f**3/3 + 5*f**2/2 + 6*f - 3436. Give i(4).
10
Let s(o) = -o + o - 12 - o. Let w(i) = -53*i + 417. Let d be w(8). Let k be s(d). Let z(h) = -h - 1. Give z(k).
4
Let v = 161 + -160. Let q(p) = -1831*p**2 + 2 + 1 - v - 3*p + 1833*p**2. Let u(z) = z + 2. Let y be u(0). Calculate q(y).
4
Let d = 314 - 313. Let m(l) = -5*l + l + d - 5*l + 13*l. Suppose -7 = -4*i + 1. What is m(i)?
9
Let y(l) = 32*l + 363. Let d(m) = 11*m + 107. Let g(i) = -13*d(i) + 4*y(i). Determine g(6).
-29
Suppose -12 = 5*h + 4*t, -4*t + 0*t = -2*h + 12. Suppose 5*k + 4 - 24 = h. Suppose 0 = -4*z + 12 - k. Let r(o) = o**3 - 2*o**2 - 3*o + 1. What is r(z)?
-5
Suppose -15 = -3*z, 25*z - 27*z = i - 10. Let b(s) = s**2 + 6*s - 84. Give b(i).
-84
Let f(i) = i**2 - 12*i - 10. Suppose 5*a - 1768 = -1718. What is f(a)?
-30
Let n(r) = 17*r**3 - 3*r**2 + 5*r - 167. Let d(l) = 48*l**3 - 6*l**2 +